common divisor of 16 and t?
16
Let y = -11 - -13. Let l be (1/y)/(2/56). Calculate the highest common factor of 56 and l.
14
Suppose -99*i = -102*i + 198. What is the greatest common divisor of 44 and i?
22
Let b = 106 - 39. Suppose -b = -3*u - 25. Calculate the highest common factor of 21 and u.
7
Let d(i) = 3*i - 8. Let x = 20 - 3. Let q(u) = 9*u - 23. Let f(g) = x*d(g) - 6*q(g). Let s be f(-4). Calculate the highest common factor of 14 and s.
14
Let q = 89 + 93. Calculate the greatest common factor of q and 26.
26
Let t(z) = 11*z**2 + 1. Let h be t(2). What is the greatest common divisor of 9 and h?
9
Let h(z) = -z**3 - 5*z**2 + 2. Let d be h(-5). Suppose d*u - 63 = -u. Let c be (-634)/(-14) + (-6)/u. What is the greatest common divisor of c and 9?
9
Let j be 6/8 + 2210/40. Calculate the highest common factor of j and 7.
7
Suppose -11*w + 6*w = -210. Suppose -4*n - 60 = -4*v - 16, 0 = 4*v - n - 53. Calculate the highest common divisor of w and v.
14
Suppose 0 = 2*m - m - 124. Let q = -5 + m. What is the greatest common divisor of 17 and q?
17
Let a = 4 - -7. Calculate the highest common divisor of 55 and a.
11
Let f(g) = 43*g**3 + g. Let c be f(1). Suppose 3*a + 10 = 2*j, 2*a = 4*j + 8 - c. Calculate the highest common factor of 77 and j.
11
Let o(m) = m**2. Let s(i) = -i**3 + 4*i**2 - i + 112. Let q(j) = -4*o(j) + s(j). Let w be q(0). What is the highest common divisor of 14 and w?
14
Let w be -1 + -4 + 37 + 1. Calculate the highest common divisor of 22 and w.
11
Let j = -10 - -18. Let h be (1*j)/((-10)/(-15)). Calculate the highest common divisor of 3 and h.
3
Let r be 12*(4 + (-3)/(30/(-55))). What is the greatest common factor of 171 and r?
57
Suppose c + 3*c = 3*v - 110, 2*c = 3*v - 100. What is the greatest common factor of 75 and v?
15
Let j = 1 + 17. Calculate the greatest common factor of j and 18.
18
Suppose -4*h = -5*m + 61, 3*h + 42 = m + 2*m. Let z be 2/h*(0 - 9). Let b be (-6)/4*32/(-3). Calculate the highest common divisor of b and z.
2
Let i be 2/5 - 2618/(-55). What is the highest common divisor of i and 16?
16
Suppose 136 = u + 2*c - 127, -u = -5*c - 249. What is the greatest common divisor of u and 37?
37
Suppose -13*d + 10*d + 234 = 0. What is the greatest common factor of 52 and d?
26
Suppose 0*s + 12 = 3*s. Suppose s*y + 70 = 4*a + 5*y, -a + 10 = 4*y. What is the greatest common divisor of a and 18?
18
Let z = -36 + 59. Let x be -2 + 5 + z*1. What is the highest common factor of x and 13?
13
Suppose -3*m - 3*a - 2*a + 146 = 0, 4*a - 265 = -5*m. Let p be (-5 + 1)*(-2)/(-8). Let i be 0 + p + 1*m. What is the greatest common divisor of 7 and i?
7
Let l be -20*(1 - (-9)/(-4)). Let w(d) = d**3 - 3*d**2. Let k be w(4). Suppose -b + 9 = f, -2*f + k = b + 3*b. Calculate the highest common divisor of l and f.
5
Suppose -5*m + m = -d + 4, 0 = -4*d + m + 61. Suppose 3*v - 194 = d. What is the highest common divisor of 7 and v?
7
Suppose 4*n + 25 = 3*i - 15, -i = -2*n - 18. Let p(v) = -7 - 1 - 2*v - v. Let g be p(n). What is the highest common factor of 39 and g?
13
Let p(x) = -x**3 - 5*x**2 - 9*x - 7. Let y be p(-3). Calculate the highest common factor of y and 14.
2
Let g = 3 + -1. Let d be (0 + 3/(-9))/((-3)/54). Calculate the highest common divisor of d and g.
2
Suppose -6*o + 585 = -3*o. Suppose -k - 4*k + o = 0. What is the highest common divisor of k and 13?
13
Let c(i) = -21*i + 10. Let n be c(-5). Suppose -20 = -k + n. What is the highest common factor of k and 15?
15
Let q = -305 + 500. What is the greatest common factor of q and 78?
39
Suppose 5*t - 4*m = -2*m + 107, 0 = -2*t + 4*m + 30. Calculate the highest common factor of t and 1.
1
Let c = 13 + 13. Calculate the highest common divisor of c and 65.
13
Let t(w) = -w**3 - 2*w**2 + w + 2. Let i be t(-2). Suppose i = u - 0*u - 91. What is the greatest common factor of u and 13?
13
Let f = 599 + -359. Calculate the highest common divisor of f and 30.
30
Let p be 2/(-6) + 128/6. Let d be 13/3 + 14/p. What is the greatest common divisor of 25 and d?
5
Let j(q) be the second derivative of q**4/12 + 5*q**3/6 - 2*q**2 + q. Let a be j(3). What is the highest common factor of a and 180?
20
Let g = 39 - -11. What is the greatest common factor of 75 and g?
25
Let u(s) = -s**3 - 3*s**2 - s - 4. Let m be u(-4). Suppose 0 = 2*p - 3*p + m. Suppose 3*r = 5*r - p. Calculate the highest common factor of r and 88.
8
Let t(p) = -5*p + 0 + 2*p + 2. Let f be t(-3). What is the highest common divisor of 1 and f?
1
Suppose 0 = k + 4*k - 10, 3*k = -4*a + 14. Let m = 7 + 1. Suppose -2*y = -m, 0 = -c + 6*y - 4*y + 8. Calculate the greatest common divisor of a and c.
2
Suppose -3*v = -5*k + 48, 3*k = -v + 6*v + 16. What is the highest common divisor of k and 60?
12
Suppose -153 = -4*k - d + 109, -d - 2 = 0. What is the highest common factor of 6 and k?
6
Let i be ((-2)/4)/((-4)/24). Suppose -3 - 12 = -i*j. Suppose g - 3*p = j*g - 52, 0 = 3*g - 2*p - 22. What is the highest common divisor of 90 and g?
10
Let l(z) be the first derivative of -z**4/4 - 8*z**3/3 - 5*z**2 - 4*z - 3. Let x be l(-7). Calculate the highest common divisor of 119 and x.
17
Let c be ((-6)/4)/(6/(-40)). What is the highest common divisor of 5 and c?
5
Let l(q) = -q**3 - 5*q**2 + 4*q - 3. Let f be l(-6). Suppose -238 + 13 = -5*a. Calculate the highest common factor of a and f.
9
Let f = 0 - -22. What is the highest common divisor of 33 and f?
11
Let x be 2 + ((-32)/3)/((-2)/3). Calculate the greatest common divisor of 18 and x.
18
Let i(g) = -g**3 - 8*g**2 + 7*g - 8. Let s be i(-9). Let d be s/4*(-24)/(-6). What is the greatest common factor of d and 20?
10
Let h = -12 + 68. What is the greatest common factor of h and 14?
14
Suppose -4*f - 5*k + 0 - 5 = 0, -5*f - 3*k - 16 = 0. Let l = f - -6. What is the highest common divisor of l and 2?
1
Let u(s) be the second derivative of s**4/12 + 5*s**3/6 + 3*s**2 - 2*s. Let m be u(-6). Suppose x - 53 - 79 = 0. What is the highest common divisor of x and m?
12
Suppose 6*j + 1 = 2*s + 3*j, -2*s - j = 11. Let a be s*(-4)/8 - -3. Let q be 2*(210/4)/3. What is the highest common divisor of q and a?
5
Suppose -i = -4*i + 2*p + 23, 0 = -3*i - p + 38. Let d be 3*(0 - 10/6). Let x = d - -6. What is the greatest common factor of i and x?
1
Suppose -8 = -5*r - l, -4*l - 9 - 1 = -r. What is the highest common factor of r and 1?
1
Let x(i) = i**2 - 3*i + 5. Let o be x(4). Let b(p) = 50*p - 1. Let m be b(2). Calculate the highest common factor of m and o.
9
Let o(s) = s**3 + 8*s**2 + 2*s - 17. Let z be o(-7). Suppose -2*a - 268 = -a. Let r = a - -448. Calculate the greatest common factor of r and z.
18
Let b be (1 + 12/(-8))*-10. Let o(y) = y**2 - 2*y + 1. Let v be o(b). Calculate the greatest common factor of 64 and v.
16
Let j = 66 - 33. What is the greatest common divisor of j and 66?
33
Suppose -2*m = -2*p, 0 = m + 3*p - 1 - 19. Let t = -18 - -22. Suppose -30 = -2*h - t*h. Calculate the greatest common divisor of h and m.
5
Let n be (-1*(-3)/(-6))/((-6)/288). What is the highest common divisor of n and 60?
12
Let m = -31 + 47. Let n be m - (-5)/((-15)/(-6)). Let v be (-12)/n*(-114)/4. What is the highest common factor of 19 and v?
19
Suppose 5*w + 1 + 4 = 0. Let z be (4 + w)/3 - -16. Let m = z - -35. Calculate the greatest common divisor of m and 13.
13
Let g be (4 - 8)*(-7)/4. Suppose -2*r + 0*n + g = n, -n = 5. What is the greatest common factor of 6 and r?
6
Let h be 1/((-63)/16 - -4). Let g(r) = -34*r + 4. Let s be g(-3). Suppose s - h = m + 5*i, -5*m + i = -476. What is the greatest common factor of m and 19?
19
Let a be (-4 - (-1 - -1)) + 36. What is the highest common divisor of 4 and a?
4
Suppose 7*m = 3*m - 8. Let b be m/(-1) - 4 - 5. Let g = -2 - b. What is the greatest common factor of g and 20?
5
Let a(t) = -t + 2. Let q be a(2). Suppose 5*p = 2*n + 23, q*n - 3*p + 16 = n. Let d = 0 - -7. What is the greatest common divisor of d and n?
1
Suppose 5*j + 5*t = 1240, -5*j - 6*t = -3*t - 1240. Let s = 49 - 18. What is the greatest common divisor of j and s?
31
Suppose 0*s = 3*s - 36. Suppose 2*v - 7*v + 120 = 0. Calculate the greatest common divisor of s and v.
12
Suppose 0 = -85*o + 83*o + 24. What is the highest common divisor of 30 and o?
6
Let k be (-3)/(0 - 0 - -1). Let x = 20 +